 = -0*b. What is the greatest common factor of z and d?
1
Let g be 2*(0 - (0 - 4)). Calculate the highest common divisor of g and 32.
8
Let i = 144 - 132. Calculate the greatest common divisor of i and 300.
12
Let j = -148 - -157. Suppose 12 = i + i. Calculate the greatest common factor of j and i.
3
Let b(o) = 3*o + 3 - 2*o**3 + 9*o**2 + 3*o**3 + 1. Let c be b(-8). Calculate the greatest common divisor of 11 and c.
11
Let j = 8 - 3. Let r(p) = 6*p**3 - p - 1. Let a be r(2). What is the highest common factor of j and a?
5
Let p = 0 - 0. Suppose 0*w - 5*w + 25 = p, 2*y - w - 219 = 0. Suppose 0 = -12*n + 42 + 126. Calculate the greatest common factor of y and n.
14
Let i be (6*8 - 0) + 0. Let r = -6 - -12. Calculate the highest common divisor of r and i.
6
Suppose -2*v + 0 = -4. Suppose 30 + 98 = v*g. What is the highest common factor of 8 and g?
8
Suppose 0 = 4*h + h - 20. Let l = 14 - -6. What is the greatest common factor of l and h?
4
Let h be (-107)/4 + 1/(-4). Let r = h - -40. What is the highest common divisor of 52 and r?
13
Let l be 2/(-11) - (-210)/66. Suppose -2*m = -l - 15. What is the highest common factor of 3 and m?
3
Suppose -16*w + 15*w + 58 = 0. What is the highest common factor of 145 and w?
29
Let u be 74 - ((-4)/(-2) - 0/(-3)). Suppose -j + 5*h = -34, 0*j = -j + 4*h + 29. What is the greatest common divisor of j and u?
9
Let i(h) = 11*h. Let s be i(6). Calculate the highest common divisor of s and 22.
22
Suppose 5*g + r - 87 = 0, -3*r + 47 = 5*g - 34. Let n be 1265/10 + (3 - 14/4). What is the highest common factor of n and g?
18
Let h = 40 + 28. Let q = 14 + 3. Calculate the highest common divisor of q and h.
17
Suppose -h - 3*k + 13 = 0, 5*h - 26 = -k - k. Let x be (33/(-6))/((-2)/h). Calculate the greatest common factor of x and 22.
11
Suppose -3*t + 22 - 9 = 5*o, -2*t - 33 = -5*o. Let c(d) = -d - 5. Let j be c(o). Let w = j + 14. What is the greatest common factor of w and 44?
4
Suppose 4*m - s - 316 = 3*s, 3*m - 241 = -s. Calculate the highest common factor of m and 20.
20
Let w = 53 - 35. What is the greatest common factor of 2 and w?
2
Let m(g) be the second derivative of g**5/10 + g**4/12 + g**2 + 3*g. Let t be m(2). Calculate the greatest common factor of 33 and t.
11
Suppose -7*c + 426 = 76. Calculate the highest common factor of c and 75.
25
Let c(m) = -4*m - 9. Let r(o) = -o. Let s(k) = -c(k) - 3*r(k). Let i be s(8). What is the highest common divisor of i and 13?
13
Suppose 31 = 4*c - 53. Suppose 3*o - 4*x - x - 41 = 0, -o + 2*x + 15 = 0. Calculate the greatest common factor of c and o.
7
Let z(w) = w**3 - w**2. Let t be z(1). Suppose 5*x + t*h - 70 = 5*h, 5*x - 98 = -2*h. Calculate the greatest common divisor of x and 2.
2
Let l be -1 + (1 - 2) + 4. Suppose 4*v = 3*v + l. Suppose g - v = 5*p, -4*g + 2*g = 4*p - 32. What is the greatest common factor of 60 and g?
12
Let z = 47 + -9. Let b be (-3)/(-6)*342/3. Calculate the greatest common factor of b and z.
19
Let y(c) = -10*c - 8. Let n(r) = -r. Let q(j) = -3*n(j) + y(j). Let b be q(-4). What is the highest common factor of b and 80?
20
Let f = 4 + -1. Suppose 3*p + 2 = 2*p. Let n = f + p. Calculate the highest common divisor of n and 8.
1
Let k(u) = 2*u - 12. Let q be k(6). Suppose -5*s - 2*z - 4 = -22, -3*s + 3*z - 6 = q. Calculate the greatest common factor of s and 22.
2
Let i be (12/(-15))/((-4)/50). Let s = 9 - 5. Calculate the greatest common divisor of s and i.
2
Let s(j) = -5*j + 45. Let m be s(-18). Calculate the greatest common factor of m and 27.
27
Let y(i) = -8*i**2 - i. Let r be y(-2). Let b = -15 - r. What is the highest common divisor of 5 and b?
5
Let b = -5 - -31. Calculate the highest common factor of 39 and b.
13
Let h(g) = -g**3 + 9*g**2 + 12*g. Let m = 8 + 1. Let s be h(m). Calculate the highest common factor of s and 12.
12
Suppose -12 = -4*m + n, -3*m + n + n + 14 = 0. Suppose t + x - 15 = m*x, 5*t - 78 = 4*x. Calculate the greatest common factor of 18 and t.
18
Suppose -102 = -5*r + s, -2*r + 6*r = -4*s + 72. What is the greatest common divisor of 20 and r?
20
Let u(t) = -t**3 - 4*t**2 + 16*t + 47. Let g be u(-6). What is the highest common factor of g and 230?
23
Let c(h) = 9*h - 3. Suppose -3*j + 15 = 2*j. Let n be c(j). Let p(z) = 5*z**2 - z - 2. Let g be p(2). What is the greatest common factor of g and n?
8
Let o(x) = x**3 + 5*x**2 - 3*x + 1. Let y be o(3). Let s = y + 68. Let u(b) = -7*b - 2. Let q be u(-2). What is the greatest common factor of q and s?
12
Let o = 43 - 63. Let z be 3/(-5) + 828/o. Let a = z - -86. Calculate the greatest common divisor of 11 and a.
11
Let f(u) = u - 2. Let a be f(4). Let n be 1 - 1/(a/(-16)). Calculate the greatest common divisor of n and 18.
9
Suppose 0 = m - 7 - 3. What is the highest common divisor of 200 and m?
10
Suppose 5*r = -2*s - 1 + 9, 0 = -3*s - 3. Let w be r/(-6) + 16/3. Calculate the highest common divisor of 5 and w.
5
Suppose 3*j = 0, -h - 5*j = h - 1642. Let f = -479 + h. Suppose u + u = f. What is the greatest common divisor of u and 19?
19
Suppose 0 = -2*j + 3*j + 4*t - 23, -2 = j - t. Suppose -z = 2*z + j. Let a be (-20)/(-4 - 3/z). Calculate the greatest common factor of a and 4.
4
Let z be ((-81)/12)/((-12)/64). Suppose -10*b = -14*b + z. What is the greatest common factor of b and 27?
9
Let h = 8 - 5. Let g be -10*(h + (-5)/1). What is the highest common factor of 50 and g?
10
Let n = 110 + 73. Let p = n + -23. What is the highest common divisor of 20 and p?
20
Let q be 2/(-4) + 136/16. What is the greatest common factor of q and 20?
4
Let n = -26 + 30. What is the greatest common factor of 2 and n?
2
Let y be (36/10)/((-5)/(-25)). Suppose -2*j = -y + 8. Suppose -j = -u + 3. Calculate the greatest common divisor of u and 16.
8
Suppose 227 = 3*y + r - 0*r, -4*y = -5*r - 328. Let w = y - 21. Calculate the greatest common divisor of 8 and w.
8
Suppose -b + 0*b = -3. Let o be (18/12)/(b/16). Calculate the greatest common factor of o and 88.
8
Let u(t) = t**2 + 4*t + 14. Let f be u(6). Suppose a + 3*i - f = 0, -4*i - 39 = -2*a + 119. Calculate the highest common divisor of a and 7.
7
Let q(m) = -m + 16. Let h be q(-6). Let n be 197/13 - h/143. Calculate the greatest common factor of 135 and n.
15
Suppose -f - 30 = -6*f. Let j be 5/(-3)*(-7 - -4). Let x be (f/j)/((-9)/(-660)). What is the highest common divisor of 8 and x?
8
Suppose -2 = 2*n - n. Let s be (-1)/n - 1953/(-14). Calculate the highest common divisor of 14 and s.
14
Let y = 51 + -32. Let n = 27 - y. Calculate the greatest common factor of n and 8.
8
Suppose 2*d + 2*d = 28. Let w(o) = 3*o + 1. Suppose -5*j = -3*v - 9, 7*v - 3*v = -2*j + 14. Let t be w(v). What is the highest common divisor of t and d?
7
Let n(p) = -p + 10. Let q be n(9). Let z be -3*15/(-9)*q. Calculate the greatest common divisor of z and 2.
1
Let q = 7 + -5. What is the highest common divisor of q and 3?
1
Let a = -23 + 20. Let r = a - -8. Calculate the greatest common factor of r and 20.
5
Let a = 42 - -3. What is the highest common divisor of 5 and a?
5
Let y be 473/5 - (-2)/5. Let q = 123 - 85. What is the highest common factor of q and y?
19
Let u = 168 + -256. Let q be ((-3)/(-6))/((-2)/u). What is the greatest common factor of 55 and q?
11
Let y be (10/8)/(2/8). What is the greatest common divisor of y and 10?
5
Let f(t) = -11*t - 95. Let o be f(-29). Calculate the greatest common factor of 16 and o.
16
Let i(y) = 3*y - 84. Let p be i(31). What is the greatest common divisor of 171 and p?
9
Let p(w) = w + 4. Let y be p(6). What is the highest common factor of y and 130?
10
Suppose -2*x + g + 58 = 0, -4*x + g + 104 = 2*g. Let r(d) = 73*d**2 + 4*d - 3. Let i be r(2). What is the highest common factor of x and i?
27
Suppose 0 = -2*b, 3*n + 3*b - 13 = -1. Calculate the highest common factor of 16 and n.
4
Let k(s) = 5*s + 3. Let h be (-3)/(-12) + (-11)/(-4). Suppose -12 = -u - h*u. Let q be k(u). What is the greatest common divisor of 198 and q?
18
Let m(p) = p**3 - 5*p**2 + 6*p - 6. Let q(v) = v. Let g be q(5). Let b be m(g). What is the highest common divisor of 8 and b?
8
Let c = 34 - 22. What is the greatest common divisor of c and 60?
12
Let c be 62/4 - (-1)/2. What is the greatest common divisor of c and 24?
8
Suppose 4*w = -5 - 3. Let a =